100022 - -12000?
-12011022
In base 6, what is -22153 - 205?
-22402
In base 4, what is -11323323 + -1010?
-11330333
In base 8, what is 6760 + 14?
6774
In base 11, what is 940 + 134?
a74
In base 6, what is 33 - 33?
0
In base 10, what is -367 - -19?
-348
In base 13, what is b + -4937a?
-4936c
In base 15, what is 60b + 4?
610
In base 3, what is -102 - -21010?
20201
In base 15, what is -2 + 4e98?
4e96
In base 2, what is 101 + 10001101010100?
10001101011001
In base 2, what is -100001 - -10011000100111?
10011000000110
In base 8, what is 15352 - 0?
15352
In base 8, what is -221165 + 5?
-221160
In base 6, what is -525 - -214?
-311
In base 6, what is 111151 + -1?
111150
In base 10, what is -939483 - 4?
-939487
In base 7, what is 143016553 + 0?
143016553
In base 4, what is -2223121102 + 11?
-2223121031
In base 15, what is 2 - -2cb9?
2cbb
In base 3, what is 11 - 100211010000?
-100211002212
In base 7, what is 22 + 10020?
10042
In base 15, what is -6 - 7abc?
-7ac3
In base 8, what is -1505372 + -1?
-1505373
In base 8, what is -313444 + -6?
-313452
In base 8, what is 257 - 2345?
-2066
In base 5, what is 22142010 - -4?
22142014
In base 6, what is 0 - 1244?
-1244
In base 11, what is -1615 - -32?
-1593
In base 3, what is 12 - 12111110222?
-12111110210
In base 12, what is -1 + 3974?
3973
In base 3, what is -2020 - -200020020?
200011000
In base 16, what is 1e + 2393?
23b1
In base 2, what is 10111101101101110101 - -110?
10111101101101111011
In base 8, what is -12 - -102036?
102024
In base 7, what is -153043 - -30?
-153013
In base 5, what is 3 - -3410040?
3410043
In base 12, what is 2a9 + -143b?
-1152
In base 8, what is -121373 - 5?
-121400
In base 13, what is 1 - -15c77?
15c78
In base 11, what is -19 + -687?
-6a5
In base 7, what is -665 - -311?
-354
In base 5, what is 233304 + -2123?
231131
In base 5, what is 40441 - -232?
41223
In base 6, what is 131212554 + 4?
131213002
In base 6, what is 120243455 + -5?
120243450
In base 4, what is -2 - 1001323201?
-1001323203
In base 9, what is 25 - -276548?
276574
In base 12, what is 5b4 - -397b?
4373
In base 10, what is -637753 + 5?
-637748
In base 15, what is -8db9 - 2?
-8dbb
In base 10, what is -4 + 64673?
64669
In base 7, what is -561052 - -43?
-561006
In base 4, what is 22 - 300122?
-300100
In base 4, what is -1 - 22022133?
-22022200
In base 16, what is -3 + -55d9?
-55dc
In base 12, what is -1b0 - -51?
-15b
In base 10, what is -21 + 134018?
133997
In base 12, what is 89 - 1050?
-b83
In base 9, what is 146338 - 0?
146338
In base 12, what is -888 + 36?
-852
In base 14, what is 1b31 - -28?
1b59
In base 6, what is -3020522 + -5?
-3020531
In base 15, what is -2934 + -3b?
-2970
In base 7, what is 4453 - -4145?
11631
In base 9, what is 1 + 14165?
14166
In base 11, what is -2 + -5a17?
-5a19
In base 4, what is 2003232 + 1231?
2011123
In base 9, what is -136658 - -4?
-136654
In base 5, what is -1331323344 - 3?
-1331323402
In base 12, what is -121a62 + -4?
-121a66
In base 12, what is 28 - -256a1?
25709
In base 12, what is 4b - 33a?
-2ab
In base 2, what is 100 - 11110000101011?
-11110000100111
In base 9, what is -35216 - -3?
-35213
In base 16, what is -10d698 - -5?
-10d693
In base 11, what is -149274 + 5?
-14926a
In base 2, what is -100110011010001111 + 10?
-100110011010001101
In base 7, what is -33622 + 222?
-33400
In base 12, what is -2 - a5117?
-a5119
In base 2, what is 11100111100011 + 10010?
11100111110101
In base 7, what is -22441 + 2?
-22436
In base 14, what is -1 - 10949b?
-10949c
In base 2, what is -101101000011101010 + -10?
-101101000011101100
In base 5, what is -2232342 - 1?
-2232343
In base 10, what is 38 - 172505?
-172467
In base 5, what is 11 - -3123233?
3123244
In base 15, what is -229d - 8?
-22a6
In base 3, what is 2121020002110 + 10?
2121020002120
In base 13, what is 6297b5 + -4?
6297b1
In base 10, what is 790 - -91?
881
In base 12, what is -1525 - -3a?
-14a7
In base 8, what is -23477 - 15?
-23514
In base 15, what is 4 + -2988?
-2984
In base 15, what is 12 - -4450?
4462
In base 10, what is -62628 - 9?
-62637
In base 15, what is a50 + -3e?
a11
In base 7, what is -254464 - -5?
-254456
In base 3, what is -10 + 12112202221?
12112202211
In base 10, what is 39 + 117096?
117135
In base 11, what is 3932 + 7?
3939
In base 4, what is 33120 + -1011?
32103
In base 4, what is -2213030 + -2031?
-2221121
In base 3, what is -210 + -1002010212?
-1002011122
In base 3, what is 2100 + 1100112001?
1100121101
In base 4, what is -22010013 - -10?
-22010003
In base 15, what is -2a - b7b9?
-b7e4
In base 6, what is 30235430 - 4?
30235422
In base 10, what is 1 + -52246?
-52245
In base 12, what is 1 - 8b22?
-8b21
In base 9, what is -4 + -25077?
-25082
In base 15, what is 3 - 3d99?
-3d96
In base 10, what is -272 - -12?
-260
In base 6, what is 11140433 - -4?
11140441
In base 13, what is -12 + -215c?
-2171
In base 11, what is 339a5 - 114?
33891
In base 8, what is 17467 - -26?
17515
In base 9, what is -1 + -51737?
-51738
In base 11, what is -142 + -140?
-282
In base 6, what is -100 - 1340054?
-1340154
In base 6, what is -1 - -22242?
22241
In base 16, what is -a3 + -4e?
-f1
In base 2, what is 111000 + -1111010110?
-1110011110
In base 5, what is 2343 + 1301?
4144
In base 4, what is 201111 + 102?
201213
In base 16, what is 4a - 15?
35
In base 4, what is -210 - -1111?
301
In base 12, what is -a68842 - 3?
-a68845
In base 13, what is -14b0c + -9?
-14b18
In base 3, what is 111120221 - -102?
111121100
In base 12, what is 17 - -908?
923
In base 4, what is -2 - 120021122?
-120021130
In base 8, what is -74554 + -112?
-74666
In base 10, what is -343 - -23?
-320
In base 5, what is -3020 - -311?
-2204
In base 7, what is 3 - -2416361?
2416364
In base 14, what is -3 + -787c?
-7881
In base 12, what is 3b + -21a04?
-21985
In base 15, what is 19 + 22ee?
2318
In base 10, what is -80 + -3374?
-3454
In base 11, what is -2 + -2327?
-2329
In base 15, what is 326 - -c07?
102d
In base 3, what is -112001022 - 11?
-112001110
In base 6, what is -2224 + -1542?
-4210
In base 2, what is -110011000 + -10?
-110011010
In base 12, what is 3 - 107a1?
-1079a
In base 7, what is -13464 + -62?
-13556
In base 13, what is 15 - -93c9?
9411
In base 8, what is 231 + 3?
234
In base 16, what is 25849 - -10?
25859
In base 4, what is -2311 + -31011?
-33322
In base 8, what is 7003 - 30?
6753
In base 15, what is -5c + 30?
-2c
In base 11, what is 554727 + 0?
554727
In base 14, what is 8b992a + -1?
8b9929
In base 11, what is -4 + -11623?
-11627
In base 2, what is -110001011 - -10001111100?
1011110001
In base 13, what is 2 + -158693?
-158691
In base 14, what is 5 + 87b33?
87b38
In base 2, what is -10101011111010 + -10101010?
-10101110100100
In base 2, what is -11101011111110000 + 1001?
-11101011111100111
In base 10, what is -2473 - -55?
-2418
In base 7, what is -1131 - 541?
-2002
In base 15, what is 1 - -3e0?
3e1
In base 3, what is -100021 + -1111212?
-1212010
In base 8, what is -1072 + 130?
-742
In base 15, what is 1 + -434b?
-434a
In base 7, what is -5 - -134343?
134335
In base 10, what is -2 - -297326?
297324
In base 15, what is 88 - 87?
1
In base 15, what is 93dc3 - 3?
93dc0
In base 14, what is -3 + 547a?
5477
In base 5, what is 11 + -1002232?
-1002221
In base 12, what is 27925 + -5?
27920
In base 4, what is 12010 - -13?
12023
In base 12, what is b8558a + 5?
b85593
In base 5, what is 1100231222 + 3?
1100231230
In base 12, what is -796 - 636?
-1210
In base 8, what is 3 - -257760?
257763
In base 4, what is 3310320011 + -1?
3310320010
In base 4, what is 12331 + -20002?
-1011
In base 6, what is -2 + -413442?
-413444
In base 6, what is -114445045 - -4?
-114445041
In base 5, what is 203411 + -40?
203321
In base 4, what is 1031023 + 13?
1031102
In base 15, what is -10725 - -7?
-1071d
In base 5, what is -24420214 - 4?
-24420223
In base 13, what is -8 + 667?
65c
In base 15, what is -24b79 - 2?
-24b7b
In base 13, what is -94 + 141?
7a
In base 13, what is 1 - -438c20?
438c21
In base 15, what is -2594 - -2?
-2592
In base 10, what is -16 - 38770?
-38786
In base 3, what is 22 - -1020112?
1020211
In base 2, what is -10101001010100010101 + 0?
-10101001010100010101
In base 6, what is 1 + -322245?
-322244
In base 12, what is 2b - 335?
-306
In base 3, what is -11101122 + -111?
-11102010
In base 10, what is 847872